= v + -22. What is the units digit of i?
9
What is the thousands digit of (10/20)/(3/13290)?
2
Suppose 3*t = -5*g + 11388, -6*g + 3*t = -10*g + 9108. What is the tens digit of g?
8
Let f be 2/(-3)*(-2 - 1). Suppose 3*y - f*y + 108 = 2*s, 0 = -3*s + 2*y + 162. Suppose 2*t = 3*t - s. What is the tens digit of t?
5
Let w(q) = -110*q**2 + 2*q - 2. Suppose -6*p - 2 = -7*p. Let c be w(p). What is the tens digit of 1*(c/2)/(-3)?
7
Let c be (-113)/(-5) + 6/15. Let b(i) = 2*i**2 - 41*i. What is the tens digit of b(c)?
1
Suppose 4*a = -a - 15, -c = -5*a - 15. Suppose j - 2 = 3. Suppose c = j*g - 10*g + 180. What is the units digit of g?
6
Let c = 139 - 115. What is the units digit of c?
4
Let v(z) = -z**2 + 67*z + 521. What is the tens digit of v(59)?
9
Let w(c) = 17*c**2 - 21*c - 19. What is the hundreds digit of w(-10)?
8
What is the hundreds digit of -5 + 9 + (1 + -9)*-161?
2
Suppose 14985 = 24*z - 9*z. What is the tens digit of z?
9
Suppose -5*y + 55 + 10 = 0. Let g = y + -9. Suppose 0 = -g*r + 131 + 45. What is the units digit of r?
4
Suppose 3*h = d + 118, 0 = -4*d - 6 + 14. What is the units digit of h?
0
Let v(g) = 9*g + 20. Let m(b) = b**3 + 4*b**2 - 2*b + 5. Let i be m(-4). What is the tens digit of v(i)?
3
Let z be -2 + -2 + 4 + 35. Suppose 0 = 2*c - 3*c - 2*u + z, 4*c - 158 = u. What is the units digit of c?
9
What is the units digit of (2*1/2)/(13/11778)?
6
Let o = 23 + 526. What is the hundreds digit of o?
5
Let x be (-4)/(-28) + (-13)/(-7). Suppose -b - x*b + 306 = 0. Let t = b + -69. What is the units digit of t?
3
Let c be (-2)/(4/6*21/2807). Let s = -111 - c. What is the hundreds digit of s?
2
Let w = 13 - 13. Let g be (2/(-4)*w)/2. What is the units digit of (4 + g - 5)*-39?
9
Let m(p) = p**3 + 11*p**2 - 2*p - 15. Let g(i) = 1 + 8*i - 4*i**3 - 3*i**2 + 5*i**3 + 10*i**2. Let t be g(-6). What is the units digit of m(t)?
7
Let r(a) = a**3 + 7*a**2 - 8*a + 2. Let x be r(-8). Suppose 0 = 2*b - 4*k - 61 - 85, b - 74 = k. Suppose -x*n = 3*n - b. What is the units digit of n?
5
Let h(l) be the first derivative of 4*l**3 + 3*l**2/2 - 2*l - 2. What is the tens digit of h(1)?
1
Suppose -7*p = -8*p. Suppose -15 = q - p*q. Let j = 60 + q. What is the tens digit of j?
4
Let f(m) be the first derivative of 62*m**3/3 - m**2/2 + 2*m - 4. What is the units digit of f(1)?
3
Suppose -i = r - 98, i - 106 = r + 2*r. Suppose -119 - 91 = -3*z. Let s = i - z. What is the tens digit of s?
3
Let k(h) = 681*h**3 + 2*h**2 + 5*h - 13. What is the tens digit of k(2)?
5
Let y = -13 + 18. Suppose y*z = x - 0*x - 24, 3*x = 3*z + 24. Suppose -x*n + 124 = 2*s, -3*s + 50 = 2*n + s. What is the tens digit of n?
3
Let x be -1 + (-1 - (-7 - -3)). Suppose -3*v + x*z = -475, -631 = -7*v + 3*v + 5*z. What is the units digit of v?
9
Let p = -29 + 42. Suppose 15 = p*t - 8*t. Suppose 2*k - 50 = -t*v, -3*k = -0*k - v - 86. What is the tens digit of k?
2
Let r be 10/(-20)*-1*10. Suppose -66 - 24 = -r*o. What is the tens digit of o?
1
Suppose 8 = 5*m - 5*a + 4*a, -4*m - 5 = 3*a. What is the units digit of m/(-2)*(-1 + -177)?
9
Suppose 2*v + 2*f - f = 7, -2*v = -f - 5. Suppose 3*x = -3, 3*q - 287 = v*x - 7*x. What is the tens digit of q?
9
Let y = 17 + -23. Let n be y/(-27) + (-75)/(-27). Suppose -n*q + q - 4*k + 68 = 0, -3*q + 4*k + 52 = 0. What is the tens digit of q?
2
Let n(s) = -s**3 + 5*s**2 - 4*s + 4. Let f be n(4). Let t(l) = -l**3 + 7*l**2 + 4*l + 2. What is the units digit of t(f)?
6
Let v(o) be the third derivative of 21*o**4/8 - o**2. Let q be v(6). What is the units digit of q/7 - (-2 + 3)?
3
Let l be (-4)/10 + 129/(-15). Let i = -6 - l. What is the units digit of (-161)/(-28) - i/4?
5
Suppose 0 = 12*f - 963 - 3873. What is the tens digit of f?
0
Suppose l + 7 = -3*g - 6, -19 = 3*l - g. Let r(y) = -22*y - 27. What is the units digit of r(l)?
7
Let m(b) = 202*b**2 + 2*b - 1. What is the units digit of m(1)?
3
Suppose 2*z - 5*l + 7*l - 448 = 0, 2*l = -4*z + 896. Suppose h - z = 58. What is the units digit of h?
2
Let b(a) = -4*a - 13. Let i be b(-8). Suppose 0*g = 3*r + 3*g + 36, -2*r + 3*g - 9 = 0. Let z = i + r. What is the units digit of z?
0
Let v(n) = 4*n - 4. Let z be v(5). Suppose z + 0 = 2*j. Let l = j + 2. What is the units digit of l?
0
Suppose 3*y - 115 = -1852. Let f = y - -832. What is the units digit of f?
3
Suppose i - 279 = -3*m, -16*i - 2*m = -20*i + 1060. What is the units digit of i?
7
Let n = -2087 + 3019. What is the tens digit of n?
3
Suppose -2*z + 0*z + 8 = 0. Suppose 4*w - 5*r + r - 736 = 0, -z*w + 766 = 2*r. What is the hundreds digit of w?
1
Let s be 1090/(-20) - 2/(-4). Let j = -13 - s. Let m = 64 - j. What is the units digit of m?
3
Suppose 14 = -3*y + p, 0 = 3*p + 2 + 10. What is the hundreds digit of (3/y)/(2 - (-1215)/(-606))?
1
Let n = 336 - 160. What is the hundreds digit of n?
1
Let d be (-59)/(((-18)/4)/9). Suppose 2*w - d = -0*w. Suppose -r = -0*r - w. What is the units digit of r?
9
Suppose -3*g + 64 = s + 3*s, s + 5*g - 33 = 0. Let n = s - 15. What is the tens digit of (3 - (n - -4)) + 57?
5
Let s be -1 - ((-42)/189 + (-250)/9). Suppose 8*x - 3*x = g - 9, 5*g + 5*x - 15 = 0. Let q = s - g. What is the tens digit of q?
2
Let d be ((4 + 1)*1)/1. Let b = -4 + d. Let x = b - -3. What is the units digit of x?
4
Let v = -57 + 503. What is the hundreds digit of v?
4
Suppose 0 = 3*n - 3, 2*y + 3*n - 8*n - 5 = 0. Suppose -4*z = y*d - 646, 12*d + 2*z = 7*d + 648. What is the tens digit of d?
3
Let a(c) = -c + 7. Let d be a(3). Let z be 12/d + 80/2. Let x = z + -16. What is the tens digit of x?
2
Let k(q) = 58*q - 1. Let o(b) = -b**3 + 6*b**2 + 1. Let s be o(6). What is the tens digit of k(s)?
5
Let x be ((-33)/22)/(6/(-40)). Suppose x*d = 8*d. Suppose 0 = 5*k - d*k - 230. What is the units digit of k?
6
Suppose 3*k = 6*k - 6. Suppose -19 = -k*f - 9. What is the units digit of f?
5
Suppose -2*j - 304 = -30*p + 26*p, -3*j = -5*p + 380. What is the tens digit of p?
7
Let u be -2 - (1 - (2 - 2)). Let v = u - -7. Suppose 4*i + 12 = 0, 5*i = -2*g + v*g - 45. What is the units digit of g?
5
Let u(k) = 553*k - 31. What is the hundreds digit of u(1)?
5
Let w(q) = -q**3 + 7*q**2 - 9*q + 6. Suppose 0 = 3*r + 4*c - 2, -r - r - c + 8 = 0. Let g be w(r). What is the units digit of -4*(g/8 + -1)?
0
Let n be (-1 - 39/15)/((-3)/75). Let c = 178 - n. What is the tens digit of c?
8
Suppose 0 = -10*c + 14*c - 40. Let t be (-6)/(-2) + c/10. What is the units digit of 7*t/(8 + -4)?
7
Let v(i) = 4*i**2 - 2*i + 2. Let t = 9 + -19. Let z be 3/6 + t/(-4). What is the tens digit of v(z)?
3
Suppose y = -4*z + 1111, 2177 = 2*y + 4*z - 65. What is the thousands digit of y?
1
Suppose 1331 + 881 = 28*d. What is the tens digit of d?
7
Let y(b) = 16*b**3 - 21*b**2 - b + 15. Let a(l) = 3*l**3 - 4*l**2 + 3. Let t(d) = -11*a(d) + 2*y(d). What is the units digit of t(-3)?
8
What is the units digit of (2/(-4) + 2)*394?
1
Suppose -4*s - 4*k = -792, 0 = 4*k + k + 20. What is the units digit of s?
2
Let c = 21 - -6. Let v(h) = c + 2*h + h**2 + 0 - h. What is the tens digit of v(0)?
2
Suppose 21*d - 6831 = 4278. What is the units digit of d?
9
Let w = 4 + -98. Let c = w + 170. What is the tens digit of c?
7
Let v = 12337 - 7867. What is the tens digit of v?
7
Let k = -115 + 116. What is the units digit of 81 - (-6 + k + 3)?
3
Let t = -109 + 136. What is the units digit of (-616)/(-2) - 108/t?
4
Suppose -73 = -5*w - 13. Suppose 5*f + 30 = -20. What is the units digit of (-30)/6*w/f?
6
Let r be -2 + 21 + (0 - 4). Suppose m - 3*o = 19, o - 40 - 26 = -2*m. Let u = m - r. What is the units digit of u?
6
Suppose 2*c - 30 = -8*c. Suppose -6*a + 190 = -c*a - b, 5*a + 3*b - 326 = 0. What is the tens digit of a?
6
What is the tens digit of (-350)/(-14) + (1 - -5)?
3
Suppose -5*l - 2*r = -148 - 215, -122 = -2*l + 5*r. Suppose 2*v + l = -19. Let n = -32 - v. What is the tens digit of n?
1
Let p = -838 + 1384. What is the units digit of p?
6
Let x = 27 - 12. What is the units digit of -12*((-100)/x - -4)?
2
Let g(n) = 15 + 4*n**2 + 5*n**2 - 8*n**2 + 11*n. What is the units digit of g(-13)?
1
Suppose 4*j - 8*j + 408 = 0. What is the units digit of 12/j + (-2172)/(-34)?
4
Let n = 254 - -181. What is the units digit of n?
5
Let c(x) be the third derivative of x**6/120 + 7*x**5/60 + x**4/8 + x**3/6